{"id":12122,"date":"2020-02-17T12:49:14","date_gmt":"2020-02-17T17:49:14","guid":{"rendered":"https:\/\/tagsdeals.com\/?post_type=product&#038;p=12122"},"modified":"2024-06-06T13:21:14","modified_gmt":"2024-06-06T17:21:14","slug":"diablo-pro","status":"publish","type":"product","link":"https:\/\/tagsdeals.com\/homepage\/product\/diablo-pro\/","title":{"rendered":"DIABLO PRO Elite"},"content":{"rendered":"<p><div class=\"fusion-fullwidth fullwidth-box fusion-builder-row-1 nonhundred-percent-fullwidth non-hundred-percent-height-scrolling\" style=\"--awb-border-radius-top-left:0px;--awb-border-radius-top-right:0px;--awb-border-radius-bottom-right:0px;--awb-border-radius-bottom-left:0px;--awb-flex-wrap:wrap;\" ><div class=\"fusion-builder-row fusion-row\"><div class=\"fusion-layout-column fusion_builder_column fusion-builder-column-0 fusion_builder_column_1_1 1_1 fusion-one-full fusion-column-first fusion-column-last\" style=\"--awb-bg-size:cover;\"><div class=\"fusion-column-wrapper fusion-flex-column-wrapper-legacy\"><div class=\"fusion-title title fusion-title-1 fusion-title-center fusion-title-text fusion-title-size-one\" style=\"--awb-sep-color:#ffff4d;\"><div class=\"title-sep-container title-sep-container-left\"><div class=\"title-sep sep-single sep-solid\" style=\"border-color:#ffff4d;\"><\/div><\/div><span class=\"awb-title-spacer\"><\/span><h1 class=\"fusion-title-heading title-heading-center\" style=\"margin:0;\">COMPATIBILIT\u00c9<\/h1><span class=\"awb-title-spacer\"><\/span><div class=\"title-sep-container title-sep-container-right\"><div class=\"title-sep sep-single sep-solid\" style=\"border-color:#ffff4d;\"><\/div><\/div><\/div><div class=\"fusion-clearfix\"><\/div><\/div><\/div><\/div><\/div><div class=\"fusion-fullwidth fullwidth-box fusion-builder-row-2 nonhundred-percent-fullwidth non-hundred-percent-height-scrolling\" style=\"--awb-border-radius-top-left:0px;--awb-border-radius-top-right:0px;--awb-border-radius-bottom-right:0px;--awb-border-radius-bottom-left:0px;--awb-flex-wrap:wrap;\" ><div class=\"fusion-builder-row fusion-row\"><div class=\"fusion-layout-column fusion_builder_column fusion-builder-column-1 fusion_builder_column_1_4 1_4 fusion-one-fourth fusion-column-first\" style=\"--awb-bg-size:cover;width:25%;width:calc(25% - ( ( 4% + 4% + 4% ) * 0.25 ) );margin-right: 4%;\"><div class=\"fusion-column-wrapper fusion-flex-column-wrapper-legacy\"><div class=\"fusion-title title fusion-title-2 fusion-title-center fusion-title-text fusion-title-size-two\" style=\"--awb-sep-color:#ffff4d;\"><div class=\"title-sep-container title-sep-container-left\"><div class=\"title-sep sep-double sep-solid\" style=\"border-color:#ffff4d;\"><\/div><\/div><span class=\"awb-title-spacer\"><\/span><h2 class=\"fusion-title-heading title-heading-center\" style=\"margin:0;\">BUZZ TV<\/h2><span class=\"awb-title-spacer\"><\/span><div class=\"title-sep-container title-sep-container-right\"><div class=\"title-sep sep-double sep-solid\" style=\"border-color:#ffff4d;\"><\/div><\/div><\/div><div class=\"fusion-image-element fusion-image-align-center in-legacy-container\" style=\"text-align:center;--awb-caption-title-font-family:var(--h2_typography-font-family);--awb-caption-title-font-weight:var(--h2_typography-font-weight);--awb-caption-title-font-style:var(--h2_typography-font-style);--awb-caption-title-size:var(--h2_typography-font-size);--awb-caption-title-transform:var(--h2_typography-text-transform);--awb-caption-title-line-height:var(--h2_typography-line-height);--awb-caption-title-letter-spacing:var(--h2_typography-letter-spacing);\"><div class=\"imageframe-align-center\"><span class=\" fusion-imageframe imageframe-dropshadow imageframe-1 hover-type-none\" style=\"border:2px solid #ffff4d;-webkit-box-shadow: 3px 3px 7px rgba(255,255,255,0.3);box-shadow: 3px 3px 7px rgba(255,255,255,0.3);\"><img decoding=\"async\" width=\"300\" height=\"300\" title=\"1-buzz tvbox\" src=\"https:\/\/tagsdeals.com\/wp-content\/uploads\/2017\/12\/1-buzz-tvbox-300x300.png\" alt class=\"img-responsive wp-image-1012\" srcset=\"https:\/\/tagsdeals.com\/wp-content\/uploads\/2017\/12\/1-buzz-tvbox-200x200.png 200w, https:\/\/tagsdeals.com\/wp-content\/uploads\/2017\/12\/1-buzz-tvbox-400x400.png 400w, https:\/\/tagsdeals.com\/wp-content\/uploads\/2017\/12\/1-buzz-tvbox.png 500w\" sizes=\"(max-width: 800px) 100vw, 400px\" \/><\/span><\/div><\/div><div class=\"fusion-clearfix\"><\/div><\/div><\/div><div class=\"fusion-layout-column fusion_builder_column fusion-builder-column-2 fusion_builder_column_1_4 1_4 fusion-one-fourth\" style=\"--awb-bg-size:cover;width:25%;width:calc(25% - ( ( 4% + 4% + 4% ) * 0.25 ) );margin-right: 4%;\"><div class=\"fusion-column-wrapper fusion-flex-column-wrapper-legacy\"><div class=\"fusion-title title fusion-title-3 fusion-title-center fusion-title-text fusion-title-size-two\" style=\"--awb-sep-color:#ffff4d;\"><div class=\"title-sep-container title-sep-container-left\"><div class=\"title-sep sep-double sep-solid\" style=\"border-color:#ffff4d;\"><\/div><\/div><span class=\"awb-title-spacer\"><\/span><h2 class=\"fusion-title-heading title-heading-center\" style=\"margin:0;\">DREAMLINK \/ FORMULER<\/h2><span class=\"awb-title-spacer\"><\/span><div class=\"title-sep-container title-sep-container-right\"><div class=\"title-sep sep-double sep-solid\" style=\"border-color:#ffff4d;\"><\/div><\/div><\/div><div class=\"fusion-image-element fusion-image-align-center in-legacy-container\" style=\"text-align:center;--awb-caption-title-font-family:var(--h2_typography-font-family);--awb-caption-title-font-weight:var(--h2_typography-font-weight);--awb-caption-title-font-style:var(--h2_typography-font-style);--awb-caption-title-size:var(--h2_typography-font-size);--awb-caption-title-transform:var(--h2_typography-text-transform);--awb-caption-title-line-height:var(--h2_typography-line-height);--awb-caption-title-letter-spacing:var(--h2_typography-letter-spacing);\"><div class=\"imageframe-align-center\"><span class=\" fusion-imageframe imageframe-dropshadow imageframe-2 hover-type-none\" style=\"border:2px solid #ffff4d;-webkit-box-shadow: 3px 3px 7px rgba(255,255,255,0.3);box-shadow: 3px 3px 7px rgba(255,255,255,0.3);\"><img decoding=\"async\" width=\"300\" height=\"300\" title=\"Dreamlink T2\" src=\"https:\/\/tagsdeals.com\/wp-content\/uploads\/2018\/01\/slims-300x300.jpg\" alt class=\"img-responsive wp-image-1184\" srcset=\"https:\/\/tagsdeals.com\/wp-content\/uploads\/2018\/01\/slims-200x200.jpg 200w, https:\/\/tagsdeals.com\/wp-content\/uploads\/2018\/01\/slims-400x400.jpg 400w, https:\/\/tagsdeals.com\/wp-content\/uploads\/2018\/01\/slims.jpg 500w\" sizes=\"(max-width: 800px) 100vw, 400px\" \/><\/span><\/div><\/div><div class=\"fusion-clearfix\"><\/div><\/div><\/div><div class=\"fusion-layout-column fusion_builder_column fusion-builder-column-3 fusion_builder_column_1_4 1_4 fusion-one-fourth\" style=\"--awb-bg-size:cover;width:25%;width:calc(25% - ( ( 4% + 4% + 4% ) * 0.25 ) );margin-right: 4%;\"><div class=\"fusion-column-wrapper fusion-flex-column-wrapper-legacy\"><div class=\"fusion-title title fusion-title-4 fusion-title-center fusion-title-text fusion-title-size-two\" style=\"--awb-sep-color:#ffff4d;\"><div class=\"title-sep-container title-sep-container-left\"><div class=\"title-sep sep-double sep-solid\" style=\"border-color:#ffff4d;\"><\/div><\/div><span class=\"awb-title-spacer\"><\/span><h2 class=\"fusion-title-heading title-heading-center\" style=\"margin:0;\"><p><span style=\"color: #ffffff;\">MAG<br \/>\n<\/span><\/p><\/h2><span class=\"awb-title-spacer\"><\/span><div class=\"title-sep-container title-sep-container-right\"><div class=\"title-sep sep-double sep-solid\" style=\"border-color:#ffff4d;\"><\/div><\/div><\/div><div class=\"fusion-image-element fusion-image-align-center in-legacy-container\" style=\"text-align:center;--awb-caption-title-font-family:var(--h2_typography-font-family);--awb-caption-title-font-weight:var(--h2_typography-font-weight);--awb-caption-title-font-style:var(--h2_typography-font-style);--awb-caption-title-size:var(--h2_typography-font-size);--awb-caption-title-transform:var(--h2_typography-text-transform);--awb-caption-title-line-height:var(--h2_typography-line-height);--awb-caption-title-letter-spacing:var(--h2_typography-letter-spacing);\"><div class=\"imageframe-align-center\"><span class=\" fusion-imageframe imageframe-dropshadow imageframe-3 hover-type-none\" style=\"border:2px solid #ffff4d;-webkit-box-shadow: 3px 3px 7px rgba(255,255,255,0.3);box-shadow: 3px 3px 7px rgba(255,255,255,0.3);\"><img decoding=\"async\" width=\"300\" height=\"300\" title=\"mag-322\" src=\"https:\/\/tagsdeals.com\/wp-content\/uploads\/2018\/01\/mag-322-300x300.jpg\" alt class=\"img-responsive wp-image-1200\" srcset=\"https:\/\/tagsdeals.com\/wp-content\/uploads\/2018\/01\/mag-322-200x200.jpg 200w, https:\/\/tagsdeals.com\/wp-content\/uploads\/2018\/01\/mag-322-400x400.jpg 400w, https:\/\/tagsdeals.com\/wp-content\/uploads\/2018\/01\/mag-322.jpg 500w\" sizes=\"(max-width: 800px) 100vw, 400px\" \/><\/span><\/div><\/div><div class=\"fusion-clearfix\"><\/div><\/div><\/div><div class=\"fusion-layout-column fusion_builder_column fusion-builder-column-4 fusion_builder_column_1_4 1_4 fusion-one-fourth fusion-column-last\" style=\"--awb-bg-size:cover;width:25%;width:calc(25% - ( ( 4% + 4% + 4% ) * 0.25 ) );\"><div class=\"fusion-column-wrapper fusion-flex-column-wrapper-legacy\"><div class=\"fusion-title title fusion-title-5 fusion-title-center fusion-title-text fusion-title-size-two\" style=\"--awb-sep-color:#ffff4d;\"><div class=\"title-sep-container title-sep-container-left\"><div class=\"title-sep sep-double sep-solid\" style=\"border-color:#ffff4d;\"><\/div><\/div><span class=\"awb-title-spacer\"><\/span><h2 class=\"fusion-title-heading title-heading-center\" style=\"margin:0;\">ANDROID<\/h2><span class=\"awb-title-spacer\"><\/span><div class=\"title-sep-container title-sep-container-right\"><div class=\"title-sep sep-double sep-solid\" style=\"border-color:#ffff4d;\"><\/div><\/div><\/div><div class=\"fusion-image-element fusion-image-align-center in-legacy-container\" style=\"text-align:center;--awb-caption-title-font-family:var(--h2_typography-font-family);--awb-caption-title-font-weight:var(--h2_typography-font-weight);--awb-caption-title-font-style:var(--h2_typography-font-style);--awb-caption-title-size:var(--h2_typography-font-size);--awb-caption-title-transform:var(--h2_typography-text-transform);--awb-caption-title-line-height:var(--h2_typography-line-height);--awb-caption-title-letter-spacing:var(--h2_typography-letter-spacing);\"><div class=\"imageframe-align-center\"><span class=\" fusion-imageframe imageframe-dropshadow imageframe-4 hover-type-none\" style=\"border:2px solid #ffff4d;-webkit-box-shadow: 3px 3px 7px rgba(255,255,255,0.3);box-shadow: 3px 3px 7px rgba(255,255,255,0.3);\"><img decoding=\"async\" width=\"300\" height=\"300\" title=\"android\" src=\"https:\/\/tagsdeals.com\/wp-content\/uploads\/2017\/11\/android-300x300.png\" alt class=\"img-responsive wp-image-896\" srcset=\"https:\/\/tagsdeals.com\/wp-content\/uploads\/2017\/11\/android-200x200.png 200w, https:\/\/tagsdeals.com\/wp-content\/uploads\/2017\/11\/android-400x400.png 400w, https:\/\/tagsdeals.com\/wp-content\/uploads\/2017\/11\/android.png 490w\" sizes=\"(max-width: 800px) 100vw, 400px\" \/><\/span><\/div><\/div><div class=\"fusion-clearfix\"><\/div><\/div><\/div><\/div><\/div><\/p>\n","protected":false},"excerpt":{"rendered":"<h3 style=\"padding-left: 40px; text-align: center;\">DIABLO PRO est un serveur de haute qualit\u00e9 avec plusieurs postes HD et section 4k. Actuellement le serveur le plus rapide et le plus complet!<\/h3>\n<h3>De plus, vous trouverez toutes les chaines que vous d\u00e9sirez, plus de 1700 chaines HD en Francais, Anglais, Espagnols, Arabes, Chinois, Italiens, Turkish, Balkans, Filipino, Portuguese, Israel, Afghan, Grecque, Punjabi, African, Ha\u00eftien class\u00e9s par langues&#8230;toutes les chaines de sports tel que les cartes de Bein sports, Espn, UFC, NHL, MLB et plus encore!<\/h3>\n<p>&nbsp;<\/p>\n<div class=\"fusion-aligncenter\"><a class=\"fusion-button button-flat button-large button-default fusion-button-default button-1 fusion-button-default-span fusion-button-default-type\" style=\"--button-border-radius-top-left:25px;--button-border-radius-top-right:25px;--button-border-radius-bottom-right:25px;--button-border-radius-bottom-left:25px;\" target=\"_self\" href=\"https:\/\/tagsdeals.com\/chaines-diablo\/\"><i class=\" fa fa-align-justify button-icon-left\" aria-hidden=\"true\"><\/i><span class=\"fusion-button-text\">Cha\u00eenes DIABLO<\/span><\/a><\/div>\n<ul style=\"--awb-size:13px;--awb-iconcolor:#ffff4d;--awb-line-height:22.1px;--awb-icon-width:22.1px;--awb-icon-height:22.1px;--awb-icon-margin:9.1px;--awb-content-margin:31.2px;\" class=\"fusion-checklist fusion-checklist-1 fusion-checklist-default type-icons\"><li class=\"fusion-li-item\" style=\"\"><span class=\"icon-wrapper circle-no\"><i class=\"fusion-li-icon fa fa-check\" aria-hidden=\"true\"><\/i><\/span><div class=\"fusion-li-item-content\"><\/p>\n<h3>Chaines HD!<\/h3>\n<p><\/div><\/li><li class=\"fusion-li-item\" style=\"\"><span class=\"icon-wrapper circle-no\"><i class=\"fusion-li-icon fa fa-check\" aria-hidden=\"true\"><\/i><\/span><div class=\"fusion-li-item-content\"><\/p>\n<h3>Reculer pour visionner les \u00e9missions pr\u00e9c\u00e9dentes!<\/h3>\n<p><\/div><\/li><li class=\"fusion-li-item\" style=\"\"><span class=\"icon-wrapper circle-no\"><i class=\"fusion-li-icon fa fa-check\" aria-hidden=\"true\"><\/i><\/span><div class=\"fusion-li-item-content\"><\/p>\n<h3>Enregistrements avec nos PVR\/ENP!<\/h3>\n<p><\/div><\/li><li class=\"fusion-li-item\" style=\"\"><span class=\"icon-wrapper circle-no\"><i class=\"fusion-li-icon fa fa-check\" aria-hidden=\"true\"><\/i><\/span><div class=\"fusion-li-item-content\"><\/p>\n<h3>Films (VSD) gratuit!<\/h3>\n<p><\/div><\/li><li class=\"fusion-li-item\" style=\"\"><span class=\"icon-wrapper circle-no\"><i class=\"fusion-li-icon fa fa-check\" aria-hidden=\"true\"><\/i><\/span><div class=\"fusion-li-item-content\"><\/p>\n<h3>Pay-per-view!<\/h3>\n<p><\/div><\/li><\/ul>\n<p>&nbsp;<\/p>\n<p><strong>*** Tous les achats de serveurs sont vente finale une fois activ\u00e9s et ne sont pas remboursables. ***<\/strong><\/p>\n","protected":false},"featured_media":27278,"template":"","meta":[],"product_cat":[25],"product_tag":[33],"class_list":{"0":"post-12122","1":"product","2":"type-product","3":"status-publish","4":"has-post-thumbnail","6":"product_cat-iptv","7":"product_tag-diablo","9":"first","10":"instock","11":"featured","12":"shipping-taxable","13":"purchasable","14":"product-type-variable"},"yoast_head":"<!-- This site is optimized with the Yoast SEO plugin v21.7 - https:\/\/yoast.com\/wordpress\/plugins\/seo\/ -->\n<title>TAGSDEALS | DIABLO PRO<\/title>\n<meta name=\"description\" content=\"DIABLO PRO est le meilleur serveur pour les postes IPTV fran\u00e7ais du Qu\u00e9bec et de la France. Il inclus le timeshift et une section de films et s\u00e9ries!\" \/>\n<meta name=\"robots\" content=\"index, follow, max-snippet:-1, max-image-preview:large, max-video-preview:-1\" \/>\n<link rel=\"canonical\" href=\"https:\/\/tagsdeals.com\/homepage\/product\/diablo-pro\/\" \/>\n<meta property=\"og:locale\" content=\"fr_FR\" \/>\n<meta property=\"og:type\" content=\"article\" \/>\n<meta property=\"og:title\" content=\"TAGSDEALS | DIABLO PRO\" \/>\n<meta property=\"og:description\" content=\"DIABLO PRO est le meilleur serveur pour les postes IPTV fran\u00e7ais du Qu\u00e9bec et de la France. Il inclus le timeshift et une section de films et s\u00e9ries!\" \/>\n<meta property=\"og:url\" content=\"https:\/\/tagsdeals.com\/homepage\/product\/diablo-pro\/\" \/>\n<meta property=\"og:site_name\" content=\"TAGSDEALS\" \/>\n<meta property=\"article:modified_time\" content=\"2024-06-06T17:21:14+00:00\" \/>\n<meta property=\"og:image\" content=\"https:\/\/tagsdeals.com\/wp-content\/uploads\/2020\/02\/diablo.jpg\" \/>\n\t<meta property=\"og:image:width\" content=\"500\" \/>\n\t<meta property=\"og:image:height\" content=\"500\" \/>\n\t<meta property=\"og:image:type\" content=\"image\/jpeg\" \/>\n<meta name=\"twitter:card\" content=\"summary_large_image\" \/>\n<meta name=\"twitter:label1\" content=\"Dur\u00e9e de lecture estim\u00e9e\" \/>\n\t<meta name=\"twitter:data1\" content=\"2 minutes\" \/>\n<script type=\"application\/ld+json\" class=\"yoast-schema-graph\">{\"@context\":\"https:\/\/schema.org\",\"@graph\":[{\"@type\":\"WebPage\",\"@id\":\"https:\/\/tagsdeals.com\/homepage\/product\/diablo-pro\/\",\"url\":\"https:\/\/tagsdeals.com\/homepage\/product\/diablo-pro\/\",\"name\":\"TAGSDEALS | DIABLO PRO\",\"isPartOf\":{\"@id\":\"https:\/\/tagsdeals.com\/homepage\/#website\"},\"datePublished\":\"2020-02-17T17:49:14+00:00\",\"dateModified\":\"2024-06-06T17:21:14+00:00\",\"description\":\"DIABLO PRO est le meilleur serveur pour les postes IPTV fran\u00e7ais du Qu\u00e9bec et de la France. Il inclus le timeshift et une section de films et s\u00e9ries!\",\"breadcrumb\":{\"@id\":\"https:\/\/tagsdeals.com\/homepage\/product\/diablo-pro\/#breadcrumb\"},\"inLanguage\":\"fr-FR\",\"potentialAction\":[{\"@type\":\"ReadAction\",\"target\":[\"https:\/\/tagsdeals.com\/homepage\/product\/diablo-pro\/\"]}]},{\"@type\":\"BreadcrumbList\",\"@id\":\"https:\/\/tagsdeals.com\/homepage\/product\/diablo-pro\/#breadcrumb\",\"itemListElement\":[{\"@type\":\"ListItem\",\"position\":1,\"name\":\"Accueil\",\"item\":\"https:\/\/tagsdeals.com\/homepage\/\"},{\"@type\":\"ListItem\",\"position\":2,\"name\":\"Shop\",\"item\":\"https:\/\/tagsdeals.com\/homepage\/shop\/\"},{\"@type\":\"ListItem\",\"position\":3,\"name\":\"DIABLO PRO Elite\"}]},{\"@type\":\"WebSite\",\"@id\":\"https:\/\/tagsdeals.com\/homepage\/#website\",\"url\":\"https:\/\/tagsdeals.com\/homepage\/\",\"name\":\"TAGSDEALS\",\"description\":\"TAGS DEALS\",\"publisher\":{\"@id\":\"https:\/\/tagsdeals.com\/homepage\/#organization\"},\"potentialAction\":[{\"@type\":\"SearchAction\",\"target\":{\"@type\":\"EntryPoint\",\"urlTemplate\":\"https:\/\/tagsdeals.com\/homepage\/?s={search_term_string}\"},\"query-input\":\"required name=search_term_string\"}],\"inLanguage\":\"fr-FR\"},{\"@type\":\"Organization\",\"@id\":\"https:\/\/tagsdeals.com\/homepage\/#organization\",\"name\":\"TAGSDEALS\",\"url\":\"https:\/\/tagsdeals.com\/homepage\/\",\"logo\":{\"@type\":\"ImageObject\",\"inLanguage\":\"fr-FR\",\"@id\":\"https:\/\/tagsdeals.com\/homepage\/#\/schema\/logo\/image\/\",\"url\":\"https:\/\/tagsdeals.com\/wp-content\/uploads\/2020\/02\/diablo.jpg\",\"contentUrl\":\"https:\/\/tagsdeals.com\/wp-content\/uploads\/2020\/02\/diablo.jpg\",\"width\":500,\"height\":500,\"caption\":\"TAGSDEALS\"},\"image\":{\"@id\":\"https:\/\/tagsdeals.com\/homepage\/#\/schema\/logo\/image\/\"}}]}<\/script>\n<!-- \/ Yoast SEO plugin. -->","yoast_head_json":{"title":"TAGSDEALS | DIABLO PRO","description":"DIABLO PRO est le meilleur serveur pour les postes IPTV fran\u00e7ais du Qu\u00e9bec et de la France. Il inclus le timeshift et une section de films et s\u00e9ries!","robots":{"index":"index","follow":"follow","max-snippet":"max-snippet:-1","max-image-preview":"max-image-preview:large","max-video-preview":"max-video-preview:-1"},"canonical":"https:\/\/tagsdeals.com\/homepage\/product\/diablo-pro\/","og_locale":"fr_FR","og_type":"article","og_title":"TAGSDEALS | DIABLO PRO","og_description":"DIABLO PRO est le meilleur serveur pour les postes IPTV fran\u00e7ais du Qu\u00e9bec et de la France. Il inclus le timeshift et une section de films et s\u00e9ries!","og_url":"https:\/\/tagsdeals.com\/homepage\/product\/diablo-pro\/","og_site_name":"TAGSDEALS","article_modified_time":"2024-06-06T17:21:14+00:00","og_image":[{"width":500,"height":500,"url":"https:\/\/tagsdeals.com\/wp-content\/uploads\/2020\/02\/diablo.jpg","type":"image\/jpeg"}],"twitter_card":"summary_large_image","twitter_misc":{"Dur\u00e9e de lecture estim\u00e9e":"2 minutes"},"schema":{"@context":"https:\/\/schema.org","@graph":[{"@type":"WebPage","@id":"https:\/\/tagsdeals.com\/homepage\/product\/diablo-pro\/","url":"https:\/\/tagsdeals.com\/homepage\/product\/diablo-pro\/","name":"TAGSDEALS | DIABLO PRO","isPartOf":{"@id":"https:\/\/tagsdeals.com\/homepage\/#website"},"datePublished":"2020-02-17T17:49:14+00:00","dateModified":"2024-06-06T17:21:14+00:00","description":"DIABLO PRO est le meilleur serveur pour les postes IPTV fran\u00e7ais du Qu\u00e9bec et de la France. Il inclus le timeshift et une section de films et s\u00e9ries!","breadcrumb":{"@id":"https:\/\/tagsdeals.com\/homepage\/product\/diablo-pro\/#breadcrumb"},"inLanguage":"fr-FR","potentialAction":[{"@type":"ReadAction","target":["https:\/\/tagsdeals.com\/homepage\/product\/diablo-pro\/"]}]},{"@type":"BreadcrumbList","@id":"https:\/\/tagsdeals.com\/homepage\/product\/diablo-pro\/#breadcrumb","itemListElement":[{"@type":"ListItem","position":1,"name":"Accueil","item":"https:\/\/tagsdeals.com\/homepage\/"},{"@type":"ListItem","position":2,"name":"Shop","item":"https:\/\/tagsdeals.com\/homepage\/shop\/"},{"@type":"ListItem","position":3,"name":"DIABLO PRO Elite"}]},{"@type":"WebSite","@id":"https:\/\/tagsdeals.com\/homepage\/#website","url":"https:\/\/tagsdeals.com\/homepage\/","name":"TAGSDEALS","description":"TAGS DEALS","publisher":{"@id":"https:\/\/tagsdeals.com\/homepage\/#organization"},"potentialAction":[{"@type":"SearchAction","target":{"@type":"EntryPoint","urlTemplate":"https:\/\/tagsdeals.com\/homepage\/?s={search_term_string}"},"query-input":"required name=search_term_string"}],"inLanguage":"fr-FR"},{"@type":"Organization","@id":"https:\/\/tagsdeals.com\/homepage\/#organization","name":"TAGSDEALS","url":"https:\/\/tagsdeals.com\/homepage\/","logo":{"@type":"ImageObject","inLanguage":"fr-FR","@id":"https:\/\/tagsdeals.com\/homepage\/#\/schema\/logo\/image\/","url":"https:\/\/tagsdeals.com\/wp-content\/uploads\/2020\/02\/diablo.jpg","contentUrl":"https:\/\/tagsdeals.com\/wp-content\/uploads\/2020\/02\/diablo.jpg","width":500,"height":500,"caption":"TAGSDEALS"},"image":{"@id":"https:\/\/tagsdeals.com\/homepage\/#\/schema\/logo\/image\/"}}]}},"_links":{"self":[{"href":"https:\/\/tagsdeals.com\/homepage\/wp-json\/wp\/v2\/product\/12122","targetHints":{"allow":["GET"]}}],"collection":[{"href":"https:\/\/tagsdeals.com\/homepage\/wp-json\/wp\/v2\/product"}],"about":[{"href":"https:\/\/tagsdeals.com\/homepage\/wp-json\/wp\/v2\/types\/product"}],"wp:featuredmedia":[{"embeddable":true,"href":"https:\/\/tagsdeals.com\/homepage\/wp-json\/wp\/v2\/media\/27278"}],"wp:attachment":[{"href":"https:\/\/tagsdeals.com\/homepage\/wp-json\/wp\/v2\/media?parent=12122"}],"wp:term":[{"taxonomy":"product_cat","embeddable":true,"href":"https:\/\/tagsdeals.com\/homepage\/wp-json\/wp\/v2\/product_cat?post=12122"},{"taxonomy":"product_tag","embeddable":true,"href":"https:\/\/tagsdeals.com\/homepage\/wp-json\/wp\/v2\/product_tag?post=12122"}],"curies":[{"name":"wp","href":"https:\/\/api.w.org\/{rel}","templated":true}]}}